{"id":11237,"date":"2019-12-09T23:28:53","date_gmt":"2019-12-09T22:28:53","guid":{"rendered":"https:\/\/www.gestimax.net\/es\/?page_id=11237"},"modified":"2021-10-14T20:06:17","modified_gmt":"2021-10-14T18:06:17","slug":"informacion-adicional","status":"publish","type":"page","link":"https:\/\/www.gestimax.net\/ca\/informacion-adicional\/","title":{"rendered":"Informaci\u00f3 Addicional"},"content":{"rendered":"<p>[vc_row][vc_column][vc_column_text]<strong>PROTECCI\u00d3 DE DADES PERSONALS (Informaci\u00f3 addicional)<\/strong><\/p>\n<p>&nbsp;<\/p>\n<p><strong>A.Responsable del tractament<\/strong><\/p>\n<p>ASSESSORS EMPRESARIALS GESTIMAX, S.L.<\/p>\n<p>Pla\u00e7a Gandhi, 1 Local 4-43.202 REUS<\/p>\n<p>B43697317<\/p>\n<p>977 32 83 49<\/p>\n<p>&nbsp;<\/p>\n<p><strong>B. Finalitats del tractament<\/strong><\/p>\n<p>Les finalitats que consten identificades en el Registre d&#8217;activitats de tractament de l&#8217;empresa i en les cl\u00e0usules de consentiment a peu de p\u00e0gina de cada formulari, sent espec\u00edfiques per a la finalitat que es detalla en la recollida.<\/p>\n<p>La previsi\u00f3 legal que obliga a conservar-per raons fiscals i comptables, i a posar-los a disposici\u00f3 d&#8217;una entitat p\u00fablica competent. No obstant aix\u00f2, podran conservar-se m\u00e9s temps amb fins d&#8217;arxiu hist\u00f2ric o estad\u00edstic, llevat que s&#8217;exerceixi oposici\u00f3 i\/o cancel\u00b7laci\u00f3.<\/p>\n<p>&nbsp;<\/p>\n<p><strong>C. Destinataris<\/strong><\/p>\n<p>No se cediran dades a tercers excepte per obligaci\u00f3 legal o inter\u00e8s contractual.<\/p>\n<p>No es preveu cap cessi\u00f3, excepte per previsi\u00f3 legal.<\/p>\n<p>De conformitat a la base jur\u00eddica del tractament, en casos d&#8217;obligaci\u00f3 legal, inter\u00e8s p\u00fablic, inter\u00e8s leg\u00edtim, inter\u00e8s contractual i del consentiment de l&#8217;interessat o del seu representant legal.<\/p>\n<p>Moviments internacionals de dades: Si es produeixen.<\/p>\n<p>Transfer\u00e8ncies internacionals de dades: No es produeixen.<\/p>\n<p>Encarregats de tractament Les dades podran ser cedides a prove\u00efdors amb acc\u00e9s a dades, amb qui es formalitzen les obligacions i responsabilitats que assumeixen en el tractament de les dades, en qualitat d&#8217;Encarregat de Tractament.<\/p>\n<p>&nbsp;<\/p>\n<p><strong>D. Drets de les persones interessades<\/strong><\/p>\n<p>Qualsevol persona t\u00e9 dret a obtenir confirmaci\u00f3 sobre el tractament de les seves dades personals.<\/p>\n<p>Les persones interessades tenen dret a accedir a les seves dades personals, aix\u00ed com a sol\u00b7licitar la rectificaci\u00f3 de les dades inexactes, si s&#8217;escau a sol\u00b7licitar la seva supressi\u00f3 quan, entre d&#8217;altres motius les dades ja no siguin necessaris per als fins que van ser recollides.<\/p>\n<p>En determinades circumst\u00e0ncies, els interessats podran sol\u00b7licitar la limitaci\u00f3 del tractament de les seves dades, en aquest cas \u00fanicament els conservarem per a l&#8217;exercici o la defensa de reclamacions.<\/p>\n<p>En determinades circumst\u00e0ncies i per motius particulars, els interessats podran oposar-se a el tractament de les seves dades, d&#8217;aquesta manera un motiu suficient per cessar el tractament, excepte per motius leg\u00edtims o per l&#8217;exercici o defensa de possibles reclamacions.<\/p>\n<p>Per exercir els drets haur\u00e0 de presentar un escrit a l&#8217;adre\u00e7a dalt assenyalada o enviar un comunicat al correu electr\u00f2nic informacion@gestimax.net. Haur\u00e0 d&#8217;especificar quin dret sol\u00b7licita que li sigui satisfet i, al seu torn, s&#8217;haur\u00e0 d&#8217;acompanyar de la fotoc\u00f2pia del DNI o document identificatiu equivalent. En cas que actu\u00e9s mitjan\u00e7ant representant legal o voluntari, haur\u00e0 d&#8217;aportar tamb\u00e9 document que acrediti la representaci\u00f3 i el document identificatiu d\u2019aquesta.<\/p>\n<p>Si vol disposar d&#8217;un model, podr\u00e0 utilitzar l&#8217;oficial de l&#8217;AEPD: http:\/\/www.aepd.es<\/p>\n<p>Aix\u00ed mateix, l&#8217;informem que quan no hagi obtingut satisfacci\u00f3 en l&#8217;exercici dels seus drets o la forma d&#8217;exercir-los podr\u00e0 presentar una reclamaci\u00f3 davant l&#8217;Autoritat de Control. Si vol con\u00e8ixer m\u00e9s informaci\u00f3 sobre aquest dret i com exercir-pot dirigir-se a l&#8217;AEPD: http:\/\/www.aepd.es\/ Tel. 901.100.099 i 91.266.35.17. C \/ Jorge Juan, 6 &#8211; 28001 Madrid[\/vc_column_text][\/vc_column][\/vc_row]<\/p>\n","protected":false},"excerpt":{"rendered":"<p>[vc_row][vc_column][vc_column_text]PROTECCI\u00d3 DE DADES PERSONALS (Informaci\u00f3 addicional) &nbsp; A.Responsable del tractament ASSESSORS EMPRESARIALS GESTIMAX, S.L. Pla\u00e7a Gandhi, 1 Local 4-43.202 REUS B43697317 977 32 83 49 &nbsp; B. Finalitats del tractament Les finalitats que consten identificades en el Registre d&#8217;activitats de tractament de l&#8217;empresa i en les cl\u00e0usules de consentiment a peu de p\u00e0gina de cada [&hellip;]<\/p>\n","protected":false},"author":1,"featured_media":0,"parent":0,"menu_order":0,"comment_status":"closed","ping_status":"closed","template":"","meta":[],"_links":{"self":[{"href":"https:\/\/www.gestimax.net\/ca\/wp-json\/wp\/v2\/pages\/11237"}],"collection":[{"href":"https:\/\/www.gestimax.net\/ca\/wp-json\/wp\/v2\/pages"}],"about":[{"href":"https:\/\/www.gestimax.net\/ca\/wp-json\/wp\/v2\/types\/page"}],"author":[{"embeddable":true,"href":"https:\/\/www.gestimax.net\/ca\/wp-json\/wp\/v2\/users\/1"}],"replies":[{"embeddable":true,"href":"https:\/\/www.gestimax.net\/ca\/wp-json\/wp\/v2\/comments?post=11237"}],"version-history":[{"count":12,"href":"https:\/\/www.gestimax.net\/ca\/wp-json\/wp\/v2\/pages\/11237\/revisions"}],"predecessor-version":[{"id":11364,"href":"https:\/\/www.gestimax.net\/ca\/wp-json\/wp\/v2\/pages\/11237\/revisions\/11364"}],"wp:attachment":[{"href":"https:\/\/www.gestimax.net\/ca\/wp-json\/wp\/v2\/media?parent=11237"}],"curies":[{"name":"wp","href":"https:\/\/api.w.org\/{rel}","templated":true}]}}

Informació Addicional

<p>[vc_row][vc_column][vc_column_text]<strong>PROTECCIÓ DE DADES PERSONALS (Informació addicional)</strong></p>
<p>&nbsp;</p>
<p><strong>A.Responsable del tractament</strong></p>
<p>ASSESSORS EMPRESARIALS GESTIMAX, S.L.</p>
<p>Plaça Gandhi, 1 Local 4-43.202 REUS</p>
<p>B43697317</p>
<p>977 32 83 49</p>
<p>&nbsp;</p>
<p><strong>B. Finalitats del tractament</strong></p>
<p>Les finalitats que consten identificades en el Registre d&#8217;activitats de tractament de l&#8217;empresa i en les clàusules de consentiment a peu de pàgina de cada formulari, sent específiques per a la finalitat que es detalla en la recollida.</p>
<p>La previsió legal que obliga a conservar-per raons fiscals i comptables, i a posar-los a disposició d&#8217;una entitat pública competent. No obstant això, podran conservar-se més temps amb fins d&#8217;arxiu històric o estadístic, llevat que s&#8217;exerceixi oposició i/o cancel·lació.</p>
<p>&nbsp;</p>
<p><strong>C. Destinataris</strong></p>
<p>No se cediran dades a tercers excepte per obligació legal o interès contractual.</p>
<p>No es preveu cap cessió, excepte per previsió legal.</p>
<p>De conformitat a la base jurídica del tractament, en casos d&#8217;obligació legal, interès públic, interès legítim, interès contractual i del consentiment de l&#8217;interessat o del seu representant legal.</p>
<p>Moviments internacionals de dades: Si es produeixen.</p>
<p>Transferències internacionals de dades: No es produeixen.</p>
<p>Encarregats de tractament Les dades podran ser cedides a proveïdors amb accés a dades, amb qui es formalitzen les obligacions i responsabilitats que assumeixen en el tractament de les dades, en qualitat d&#8217;Encarregat de Tractament.</p>
<p>&nbsp;</p>
<p><strong>D. Drets de les persones interessades</strong></p>
<p>Qualsevol persona té dret a obtenir confirmació sobre el tractament de les seves dades personals.</p>
<p>Les persones interessades tenen dret a accedir a les seves dades personals, així com a sol·licitar la rectificació de les dades inexactes, si s&#8217;escau a sol·licitar la seva supressió quan, entre d&#8217;altres motius les dades ja no siguin necessaris per als fins que van ser recollides.</p>
<p>En determinades circumstàncies, els interessats podran sol·licitar la limitació del tractament de les seves dades, en aquest cas únicament els conservarem per a l&#8217;exercici o la defensa de reclamacions.</p>
<p>En determinades circumstàncies i per motius particulars, els interessats podran oposar-se a el tractament de les seves dades, d&#8217;aquesta manera un motiu suficient per cessar el tractament, excepte per motius legítims o per l&#8217;exercici o defensa de possibles reclamacions.</p>
<p>Per exercir els drets haurà de presentar un escrit a l&#8217;adreça dalt assenyalada o enviar un comunicat al correu electrònic informacion@gestimax.net. Haurà d&#8217;especificar quin dret sol·licita que li sigui satisfet i, al seu torn, s&#8217;haurà d&#8217;acompanyar de la fotocòpia del DNI o document identificatiu equivalent. En cas que actués mitjançant representant legal o voluntari, haurà d&#8217;aportar també document que acrediti la representació i el document identificatiu d’aquesta.</p>
<p>Si vol disposar d&#8217;un model, podrà utilitzar l&#8217;oficial de l&#8217;AEPD: http://www.aepd.es</p>
<p>Així mateix, l&#8217;informem que quan no hagi obtingut satisfacció en l&#8217;exercici dels seus drets o la forma d&#8217;exercir-los podrà presentar una reclamació davant l&#8217;Autoritat de Control. Si vol conèixer més informació sobre aquest dret i com exercir-pot dirigir-se a l&#8217;AEPD: http://www.aepd.es/ Tel. 901.100.099 i 91.266.35.17. C / Jorge Juan, 6 &#8211; 28001 Madrid[/vc_column_text][/vc_column][/vc_row]</p>

<p>[vc_row][vc_column][vc_column_text]PROTECCIÓ DE DADES PERSONALS (Informació addicional) &nbsp; A.Responsable del tractament ASSESSORS EMPRESARIALS GESTIMAX, S.L. Plaça Gandhi, 1 Local 4-43.202 REUS B43697317 977 32 83 49 &nbsp; B. Finalitats del tractament Les finalitats que consten identificades en el Registre d&#8217;activitats de tractament de l&#8217;empresa i en les clàusules de consentiment a peu de pàgina de cada [&hellip;]</p>
